{"id":513,"date":"2021-06-13T04:29:51","date_gmt":"2021-06-13T04:29:51","guid":{"rendered":"https:\/\/escolaprincipios.com.br\/principios\/?page_id=513"},"modified":"2021-09-22T03:20:18","modified_gmt":"2021-09-22T03:20:18","slug":"elementor-513","status":"publish","type":"page","link":"https:\/\/escolaprincipios.com.br\/principios\/elementor-513\/","title":{"rendered":"Palavra do diretor financeiro"},"content":{"rendered":"<h2 style=\"text-align: justify;\"><\/h2>\n<p style=\"text-align: justify;\">Caros Pais, Respons\u00e1veis e amigos da escola, estamos em meio a um turbilh\u00e3o de p\u00e9ssimos exemplos explodindo a cada minuto em nossa na\u00e7\u00e3o Brasileira, na verdade em todas as \u00e1reas e nunca houve na hist\u00f3ria tanta necessidade de uma uni\u00e3o coletiva para mudar esse quadro, e n\u00e3o \u00e9 fazendo manifesta\u00e7\u00f5es nas ruas, m\u00eddias sociais e outros meios, que resolveremos esse caos, pois isso s\u00f3 tomara nosso precioso tempo, que dever\u00e1 ser utilizado para defender nossa fam\u00edlia, principalmente nossos filhos que est\u00e3o em forma\u00e7\u00e3o dos conceitos e car\u00e1ter, precisamos assumir a responsabilidade e sermos a refer\u00eancia positiva da nossa casa, e definitivamente ser o l\u00edder da nossa fam\u00edlia e n\u00e3o sermos alienados aos meios formadores de opini\u00f5es como: televis\u00e3o, smartvs, smartfones, trabet etc, quando n\u00e3o temos nosso conceito formado, qualquer conceito que ouvimos serve, isso realmente se torna desesperador. \u00c9 comprovado que os pais que usa a metodologia de educar atrav\u00e9s do exemplo pr\u00f3prio e com disciplina tem \u00eaxito na forma\u00e7\u00e3o dos seus representantes, afinal boas instru\u00e7\u00f5es vem acompanhado de bons exemplos nossos filhos ser\u00e3o os nossos representantes no futuro, por isso gaste tempo treinando e disciplinando seu filho, numa sociedade t\u00e3o liberal e permissiva como a nossa, a palavra disciplina n\u00e3o soa t\u00e3o bem, por\u00e9m vale ressaltar que disciplina \u00e9 mostrar para o filho que tudo exige regras e limites com isso estaremos preparado para vida, uma pr\u00e1tica que acho saud\u00e1vel \u00e9 deixar seu filho fazer o que ele j\u00e1 tem capacidade de fazer, o que vemos s\u00e3o pais sendo verdadeiros criados dos filhos onde os mesmos est\u00e3o recebendo tudo na m\u00e3o, at\u00e9 o lanche recebem assentados no sof\u00e1 da sala para n\u00e3o ter que levantar de assistir a TV , isso \u00e9 extremamente grave, por esse motivo temos visto muitos adultos crian\u00e7as onde esperam que as coisas aconte\u00e7am da forma que pensam e quando isso n\u00e3o acontece ficam desesperados e muitas das vezes precisam utilizar medicamentos controlados para manter o equil\u00edbrio, agora a melhor a\u00e7\u00e3o para atingirmos o \u00eaxito na forma\u00e7\u00e3o dos nossos filhos est\u00e1 em convidar a Deus para ser o centro da sua vida, a partir disso Ele te dar\u00e1 sabedoria para conduzir sua casa para realiza\u00e7\u00e3o em todos os aspectos, principalmente emocional, pois a verdadeira sabedoria prov\u00e9m do senhor Jesus.<\/p>\n<p style=\"text-align: justify;\">Agrade\u00e7o primeiro a Deus por me presentear participar desse lindo projeto e minha fam\u00edlia que esta sempre me apoiando, agrade\u00e7o a cada pai e respons\u00e1vel por confiar em n\u00f3s o seu maior patrim\u00f4nio e a nossa linda fam\u00edlia princ\u00edpios que de m\u00e3os dadas tem superado todos os desafios, agrade\u00e7o tamb\u00e9m ao meu pastor Osmar Noronha e meu presidente Pr. Gezaine pelo apoio incondicional e a toda diretoria e irm\u00e3os de nosso campo de trabalho.\u2026<\/p>\n<p style=\"text-align: center;\">\u201c<strong>Disse Davi a Salom\u00e3o, seu filho: S\u00ea forte e corajoso e faze a obra; n\u00e3o temas, nem te desanimes, porque o SENHOR Deus, meu Deus, h\u00e1 de ser contigo; n\u00e3o te deixar\u00e1, nem te desamparar\u00e1, at\u00e9 que acabes todas as obras para o servi\u00e7o da Casa do SENHOR\u201d. 1 Cr\u00f4nicas 28:20.<\/strong><\/p>\n<p>Henieliton Faria Batista<\/p>\n<p>Diretor Financeiro da Escola Princ\u00edpios<\/p>\n","protected":false},"excerpt":{"rendered":"<p>Caros Pais, Respons\u00e1veis e amigos da escola, estamos em meio a um turbilh\u00e3o de p\u00e9ssimos exemplos explodindo a cada minuto em nossa na\u00e7\u00e3o Brasileira, na verdade em todas as \u00e1reas e nunca houve na hist\u00f3ria tanta necessidade de uma uni\u00e3o coletiva para mudar esse quadro, e n\u00e3o \u00e9 fazendo manifesta\u00e7\u00f5es nas ruas, m\u00eddias sociais e [&hellip;]<\/p>\n","protected":false},"author":1,"featured_media":0,"parent":0,"menu_order":0,"comment_status":"closed","ping_status":"closed","template":"","meta":{"footnotes":""},"class_list":["post-513","page","type-page","status-publish","hentry"],"_links":{"self":[{"href":"https:\/\/escolaprincipios.com.br\/principios\/wp-json\/wp\/v2\/pages\/513","targetHints":{"allow":["GET"]}}],"collection":[{"href":"https:\/\/escolaprincipios.com.br\/principios\/wp-json\/wp\/v2\/pages"}],"about":[{"href":"https:\/\/escolaprincipios.com.br\/principios\/wp-json\/wp\/v2\/types\/page"}],"author":[{"embeddable":true,"href":"https:\/\/escolaprincipios.com.br\/principios\/wp-json\/wp\/v2\/users\/1"}],"replies":[{"embeddable":true,"href":"https:\/\/escolaprincipios.com.br\/principios\/wp-json\/wp\/v2\/comments?post=513"}],"version-history":[{"count":7,"href":"https:\/\/escolaprincipios.com.br\/principios\/wp-json\/wp\/v2\/pages\/513\/revisions"}],"predecessor-version":[{"id":543,"href":"https:\/\/escolaprincipios.com.br\/principios\/wp-json\/wp\/v2\/pages\/513\/revisions\/543"}],"wp:attachment":[{"href":"https:\/\/escolaprincipios.com.br\/principios\/wp-json\/wp\/v2\/media?parent=513"}],"curies":[{"name":"wp","href":"https:\/\/api.w.org\/{rel}","templated":true}]}}